 40)*(-44)/(-24) is divided by 8.
3
Let d = 33 + -32. Let j be d/(-3) + ((-2130)/18)/5. Calculate the remainder when 47 is divided by (j/(-16))/((-105)/(-96) + -1).
15
Let w(d) = -d**2 + d. Let j be w(1). Suppose j = 3*v - 12*v + 252. Calculate the remainder when 110 is divided by v.
26
What is the remainder when 678 is divided by 6*-187*(-19)/627?
32
Let t be 1060/6*108/60. Let f = -286 + t. Calculate the remainder when 44 is divided by f.
12
Let j = 143 - 134. What is the remainder when 8 is divided by (-42)/(-4)*(-12)/(-162)*j?
1
Let j = -6151 + 10110. What is the remainder when j is divided by 17?
15
Let y(k) = 40*k**3 - k**2 + 1. Suppose 0 = 11*i - 217 - 14. Calculate the remainder when y(1) is divided by i.
19
Let x(b) = 38*b + 161. Calculate the remainder when 917 is divided by x(-2).
67
What is the remainder when 2058 is divided by 234/12*-5*36/(-270)?
4
Suppose 19*o = 21*o - 1256. Suppose 2*h - o = -600. Calculate the remainder when 123 is divided by h.
11
Suppose -4*l = 5*a + 18 - 154, 4*l + a = 152. Suppose -7*v = -4*v - 144. Calculate the remainder when v is divided by l.
9
Let h(i) = i**3 - 10*i**2 + 10*i - 14. Let m be h(9). Let q(w) = 5*w + 45. What is the remainder when 116 is divided by q(m)?
16
Suppose 0 = 4*v - 84 + 20. Suppose 903 = -v*d + 19*d. Calculate the remainder when d is divided by 16.
13
Let z(h) = -h**2 + 2676*h + 57149. Calculate the remainder when z(-21) is divided by (54/8)/((-1)/(-4)).
26
Suppose 524*k = 477*k + 1833. Calculate the remainder when 119 is divided by k.
2
Let g(r) = 29*r**2 + 1. Let h = -9268 - -9507. What is the remainder when h is divided by g(-1)?
29
Let s be (6/(-4))/(-2*(-18)/(-48)). Suppose 0 = -s*f + 4*m - m + 19, 2*f - 9 = 5*m. What is the remainder when 32 is divided by f?
15
Suppose 29 = 5*f - 5*n + 84, 4*f - n + 47 = 0. Calculate the remainder when 133 is divided by (134*f/(-16))/((-12)/(-8)).
66
Suppose 0 = -6*w + 473 + 1081. Suppose 88 = -9*z + w. What is the remainder when z is divided by 3?
1
Suppose -7*q + 20 = -3*q. Let f = q + -3. Suppose -4 = -f*u - 6, 128 = 2*k - 4*u. What is the remainder when k is divided by 33?
29
Suppose 81792*z - 81793*z = -408. Calculate the remainder when z is divided by 138.
132
Let l be 3 + (-58 - 1)/((-2)/4). Suppose -48 = -13*i + l. Calculate the remainder when 154 is divided by i.
11
Let o be 63 + 2 + 1/((-2)/(-2)). Let b = 82 - o. Calculate the remainder when 155 is divided by (2/3)/(b/936).
38
Let h = -333 + 4496. What is the remainder when h is divided by 2081?
1
Suppose -262*a + 130669 = -185*a. What is the remainder when a is divided by 564?
5
Let y = 157 + -125. Suppose y = -7*o + 487. Calculate the remainder when o is divided by 18.
11
Suppose s - 2*s + 21 = -2*h, 2*s = -h + 22. Let z(f) = 198*f - 197*f + 11 - 7. What is the remainder when z(30) is divided by s?
8
Let k = -14 + 36. Let o = -814 + 839. Suppose -5*q + o = 0, 0 = 5*r + q - 43 - k. What is the remainder when 28 is divided by r?
4
Let p = 19791 - 19759. Calculate the remainder when 888 is divided by p.
24
Let c = -28079 - -28347. Calculate the remainder when 1323 is divided by c.
251
Let x(y) = -19*y - 7. Let j be (2 + (-24)/9)*(-3018)/4. Let a = 534 - j. Calculate the remainder when x(-5) is divided by a.
26
Let i(q) = -q**2 + 21*q - 5. Let d = -530 - -533. Calculate the remainder when i(d) is divided by 14.
7
Suppose -1 = -2*g + 2*w + 7, g + 5*w - 4 = 0. Suppose -7 = g*b - t, -2*t = -4*b + 2*b - 8. Calculate the remainder when 52 is divided by (22 - 4)/((b - -2)/1).
16
Suppose -58 = 14*f - 2. Suppose 9 = 3*q, -75 = -3*d - 2*q + 6*q. Calculate the remainder when d is divided by (1 - -8) + f*(-18)/24.
5
Let i be (-5 + 4)*10/2. Let z(o) = -3*o**2 + 6*o + 3. Let f be z(i). Let u = 104 + f. What is the remainder when u is divided by 1?
0
Let x = -1937 + 1951. Suppose -5*t - 2*k = -6*k + 179, 0 = k - 1. Let y = t - -59. Calculate the remainder when y is divided by x.
10
Suppose -32*l = -25*l - 1253. What is the remainder when l is divided by 6?
5
Let z(q) = q**2 - 87*q + 1301. Suppose 3*v - 4 = 11, -3*v + 1125 = 5*j. What is the remainder when j is divided by z(19)?
6
Let l(t) = -t**3 + 27*t**2 - 57*t + 11. Let x be l(24). Let p = 417 - x. What is the remainder when p is divided by 8?
6
Let m(t) = -t**2 + 22*t - 97. Let k be m(7). Suppose k*r = -103 + 319. What is the remainder when 103 is divided by r?
22
Let r = 21 - 7. Let s(a) = 10*a + 12*a - 23*a**2 + r*a**2 + 28 + 10*a**2. What is the remainder when s(-24) is divided by 20?
16
Let o(y) = 3*y**3 + 3*y**2 + 5*y - 106. Calculate the remainder when o(8) is divided by 13.
11
Suppose 13*p + 8077 = -19613. Calculate the remainder when (2/(-5))/(-7 - 14904/p) is divided by 24.
22
What is the remainder when 795 is divided by ((4/(-3))/(-4) - 0) + (-51870)/(-585)?
83
Suppose -3*o = b - 14, 9*o = 6*o + 4*b + 19. Suppose -o*u - 416 = -496. Calculate the remainder when 235 is divided by u.
11
Let g(f) = f + 3. Calculate the remainder when (728 - 721)*2/(-4)*-3*2 is divided by g(5).
5
Suppose -2*t - 72 = 6*t. Let w be -48*(108/(-16))/t. Let h = 5 - w. What is the remainder when h is divided by 9?
5
What is the remainder when (-9)/21 + (-31)/(1085/(-19930)) is divided by 41?
36
Suppose 0 = -19*i + 21*i + 2*f, -15 = 3*f. Suppose -5*t + 15 = 0, -n - i*t + t = -166. Calculate the remainder when n is divided by 31.
30
Calculate the remainder when 479 is divided by -2 - (5 + 1) - (-130 - -118).
3
Let l = 148 - 92. Let d = 82 - l. Let p(g) = 4*g**2 + 2*g + 3. Calculate the remainder when p(4) is divided by d.
23
Suppose 5*a + 93*t - 381 = 97*t, a + 2*t = 65. What is the remainder when 1040 is divided by a?
18
What is the remainder when (-108478)/(-73) + (-2 - -7) is divided by 34?
29
Let x(v) = v**3 - 25*v**2 - 56*v + 67. What is the remainder when 35 is divided by x(27)?
9
Let s = -6623 - -7995. What is the remainder when s is divided by 104?
20
Suppose -60 = -53*y + 629. Suppose 3*c + 0*c - 630 = 0. Let p = c - 120. Calculate the remainder when p is divided by y.
12
Let f be 8 - 5*2/(-5). Let a(i) = i**3 - 11*i**2 + 10*i + 7. Suppose 3*m - 4*m + 5*j = -45, 4*m + j - 75 = 0. Calculate the remainder when m is divided by a(f).
6
Suppose 18*u = 2*h + 14*u - 12758, 6375 = h - u. Calculate the remainder when h is divided by 177.
176
What is the remainder when (-4899)/(-2) - 5 - (-5)/(-20)*-2 is divided by 31?
27
Suppose 57 = 2*v - 39. Let q(b) = -b**3 - 16*b**2 - 12*b - 3. Let u = -442 - -426. Calculate the remainder when q(u) is divided by v.
45
Suppose -3*a + 6 = -21. Suppose 4*o + 5*z = -37, 12*o - a*o - z + 4 = 0. Let x(h) = -13*h. What is the remainder when x(o) is divided by 14?
11
Let y = 1287 + -1248. Calculate the remainder when 245 is divided by y.
11
Let u be (5 - 8) + 8 + -41. Suppose -2*a + 30 = 2*c, -4*c = -7*c + 3*a + 21. What is the remainder when (18/u)/((-2)/256) is divided by c?
9
Let y(m) = -m**2 - 9*m + 12. Let s be y(-10). Suppose s*g = 36 + 2. Let x = g + -4. What is the remainder when 25 is divided by x?
10
What is the remainder when 201*10/45 + (-24)/36 is divided by 35?
9
Suppose 217*l = 222*l - 670. Let o = l + -121. Calculate the remainder when 493 is divided by o.
12
Let o = 233 - 262. Let f(d) = 11*d**3 - 3*d**2 + d + 1. Calculate the remainder when f(2) is divided by (o/(-87))/((1/84)/1).
23
Let v(j) be the third derivative of -17/6*j**3 + 0*j + 0 - 3*j**2 + 5/24*j**4. What is the remainder when 30 is divided by v(5)?
6
Suppose 0 = -j + m + 1831, 5*j - 18*m = -23*m + 9095. Calculate the remainder when j is divided by 1810.
15
Suppose -59*s + 666 = -16*s - 839. Calculate the remainder when 118 is divided by s.
13
Suppose -2*v - 630 = -3*f, -607 = 5*v - 5*f + 963. Let p be (1 - 1/(-2))*v/(-18). Let u = p + 19. What is the remainder when u is divided by 24?
21
Let y be 12/(-28) - (-31)/7. Let k be y/3*(-63)/(-42). Suppose -3*i = 2*b - 126, -168 = -4*i - k*b - 0*b. What is the remainder when i is divided by 15?
12
Let r be 245/(-85) + 3 + 861/51. Suppose -196 = -r*l - 26. Suppose -29 = -2*a - 5*i, -4*i = 11*a - l*a - 13. What is the remainder when 44 is divided by a?
10
Let i(r) = -3*r - 15. Let h = 10 - 16. Let y be i(h). Suppose -3*b - s + 128 = 0, 0 = y*b - 8*b + 5*s + 180. Calculate the remainder when b is divided by